(o) = -18*o**2 + 2*o + 1. Suppose -46*s = -52*s + 42. Suppose 12 = -5*k - s*k. Determine i(k).
-19
Let m(x) be the second derivative of -x**3/6 - 10*x**2 + 209*x. Determine m(-21).
1
Suppose -22 + 6 = -4*k, f = -k + 13. Let s(j) = -1 + j - f + 11 + 9*j**2. Suppose -5*z - b - 10 = 0, 0*b - 9 = -z + 2*b. Calculate s(z).
9
Let k(x) = -x**3 + 8*x**2 - 13*x + 9. Let w be k(6). Let v = 8 + -7. Let c(i) = 5*i - 4. Let y(a) = a. Let z(u) = v*c(u) - 6*y(u). Give z(w).
-7
Let g(f) = -f + 18. Let u be (18 - 22) + 11 + 1. Calculate g(u).
10
Suppose 60 - 30 = -5*n + 5*x, 5*n + 2*x = -9. Let d(h) = 1 - h - 6 + 2. Determine d(n).
0
Let k(r) be the second derivative of -r**4/12 - r**3/6 - r**2 + 42*r. Determine k(2).
-8
Suppose 2*k + 11 = -3. Let v(c) = 2*c**3 + 5*c**2 + 5*c - 3. Let h(l) = 5*l**3 + 11*l**2 + 11*l - 7. Let q(m) = k*v(m) + 3*h(m). Determine q(3).
3
Let o(f) be the third derivative of -f**4/8 - f**3 - 139*f**2 + f. Let w = -13 - -6. What is o(w)?
15
Let h(f) = -f**3 + 13*f**2 + 13*f + 27. Suppose 11*t - 2656 + 2502 = 0. Calculate h(t).
13
Let g(r) = -r - 3. Let c = -360 + 354. Give g(c).
3
Suppose 0 = -7*i + 4*i - 3. Let m be i + 25 + (-72)/18. Let k(r) = 0*r**2 - m - 3*r**2 + 4*r**2 + 2*r + 18. Calculate k(-4).
6
Suppose -7*f - 2*s - 25 = -10*f, 0 = 3*f + 4*s + 5. Let n(b) = -2*b**2 + 8*b + 6. Calculate n(f).
-4
Suppose -r + 0*r + 8 = 0. Let l(o) = -16*o**2 + 34*o - 46. Let t(p) = -9 + 11*p + 0*p - 3*p**2 - 4*p. Let w(m) = 2*l(m) - 11*t(m). Calculate w(r).
-1
Suppose -4*o + 3*d + 782 = 0, 2*o + 0*o = 5*d + 398. Let n(u) = 2*u**2 - 8*u**2 - 189*u + 5 + u**3 + o*u. Let x be 86/18 - (-6)/27. Determine n(x).
5
Let i = 17 + -13. Suppose 0*u = i*u + 4, 11 = -3*k - 2*u. Let p(r) = r**2 + 3*r. Determine p(k).
0
Let l be -1 + (3 - -3) - 2. Let a(f) = 4*f**2 - 5*f + 5*f - l*f**2 + 2 + 8*f. Determine a(-7).
-5
Suppose 2*n - 3*a = -18, -3*n + 2*n = -4*a + 9. Let j(g) = -g + 9. Let b(u) = -2. Let f(z) = n*b(z) - 2*j(z). Determine f(-6).
-12
Let l(r) = -3*r**2 - 5*r - 2. Let b(y) = y + 9. Suppose 2*q + 9 = -9. Let c be b(q). Suppose c = 4*h - 2*h + 6. Determine l(h).
-14
Let v(o) = o**3 - 1. Suppose 0 = 27*m - 22*m - 50. Suppose m*q - 5*f + 25 = 5*q, 15 = 5*f. Determine v(q).
-9
Suppose 0 = -m, s + 0*s + 4*m - 5 = 0. Suppose -3*l + 0 = -5*d - 8, s*d - 4*l = -9. Let c(q) = -q + 1. Give c(d).
2
Let n(u) be the first derivative of -u**4/4 - 2*u**3 + 3*u**2 - 6*u + 72. Give n(-7).
1
Let b(w) = w**2 + w + 3. Let l = -1436 - -1434. Give b(l).
5
Suppose -27*j = -23*j - 20. Let u be (8/j)/((-12)/30). Let g(c) be the second derivative of -c**3/6 - 2*c**2 + c. Give g(u).
0
Let r(p) = 2*p - 12. Let t be r(7). Let y(l) = -l**3 + 29 + 8*l**2 - 31 - 4*l**2 - t*l. Determine y(3).
1
Let o(a) = 2*a + 58. Let d be o(-29). Let i(u) = u**3 - u**2 - u + 21. Calculate i(d).
21
Let o(t) = 13 - t**2 + 0*t**2 + 7*t - 12. Let b = -5 + 9. Suppose -2 + b = f - 2*u, f = -4*u + 14. Give o(f).
7
Suppose -3*q = -5*w - q - 35, 0 = 7*w + 2*q + 25. Let o(h) = h**3 + 5*h**2 - 5. What is o(w)?
-5
Suppose 11 = 3*f + l, -6 = -2*f + 5*l + 7. Let r(v) = -5*v - f*v + 10*v + 3*v + 2. Give r(2).
10
Let n(c) be the second derivative of 2/3*c**3 - 33*c - 1/20*c**5 + 1/3*c**4 + 2*c**2 + 0. What is n(5)?
-1
Let f(z) = -z**2 - 17*z - 13. Let q be -1 - ((-2)/17 + (-3600)/(-255)). What is f(q)?
17
Let c(z) = z**2 - 4*z + 6. Let b(h) = -6*h + 164. Let t be b(26). What is c(t)?
38
Let o(f) = 25*f**3 - 6*f**2 + f**2 + 5 + 26*f**3 - 73*f**3 + 23*f**3. Give o(4).
-11
Let t = 13 + -11. Suppose t*p - 20 = -0*p. Let z(y) = -p + 3*y - 6*y + 2*y. Give z(-6).
-4
Let f(p) = -p**2 + 11*p - 8. Let j be f(12). Let m = 13 + j. Let d(a) = -a**2 - 9*a - 1. Determine d(m).
13
Let k(v) be the first derivative of v**3/3 + v**2/2 - 3. Let x = -10 + 8. Determine k(x).
2
Suppose 5*c = l - 2*l - 85, 3*c + 29 = -5*l. Let u = c + 17. Let p(h) = h**2 - 3. Let r(y) = y - 1. Let b(d) = -p(d) + 2*r(d). Give b(u).
-2
Suppose -12 = 12*w - 10*w. Let k(p) = -20*p - 23. Let f(r) = 7*r + 8. Let u(l) = 11*f(l) + 4*k(l). Calculate u(w).
14
Let r(h) = -3*h**2 + 11*h + h**3 - 16 + 3*h**2 - 7 - 10*h. What is r(0)?
-23
Let n be 2/(-8)*-4 + 1 + 0. Let m(b) be the third derivative of 0 + 5/24*b**4 - 4*b**n + 0*b + 0*b**3. Give m(2).
10
Let a(z) be the first derivative of -z**2/2 + 2*z - 5. Suppose 0 = -i - 4, 0 = -5*c + 6*i - 3*i + 37. Calculate a(c).
-3
Let t = 13 - 5. Let z = -21 + 29. Let a(o) = o - z + 13 - t. Give a(0).
-3
Suppose -121 + 23 = 49*m. Let x(r) = -2*r**3 - r**2 + 4*r + 1. Determine x(m).
5
Let v(p) = p**3 + p**2 - p - 2. Suppose -5*x = 0, 3*x - 2*x = 3*q. What is v(q)?
-2
Let d(t) = 2*t**3 + 3*t**2 + 4*t + 9. Let w(j) = -3*j**3 - 5*j**2 - 7*j - 18. Let u(x) = -5*d(x) - 3*w(x). Give u(0).
9
Suppose -3*n + 5*s - 2*s - 27 = 0, 19 = -n + 3*s. Let j(r) = 4*r - 4. Let p(o) = 11*o - 11. Let w(g) = -17*j(g) + 6*p(g). What is w(n)?
10
Let a(c) be the third derivative of c**5/60 + 5*c**4/8 + 9*c**3/2 + 2*c**2 - 28. Give a(-13).
1
Let s = 69 - 76. Let m(n) be the first derivative of n + 7/2*n**2 - 1 + 1/3*n**3. Calculate m(s).
1
Suppose 3*g = g + 6. Suppose -g*d + d = -12. Let o(n) be the first derivative of n**4/4 - 2*n**3 - n**2 + 9*n - 2. Calculate o(d).
-3
Let v = -169 + 179. Let g(p) = -p**3 + 10*p**2 - p + 11. What is g(v)?
1
Let f = 445 + -439. Let q(w) = w**3 - 5*w**2 - 3*w. What is q(f)?
18
Let o(c) = c + 7. Let n(v) = -v. Let l(d) = -4*d + 14. Let r(s) = -l(s) + 5*n(s). Let w(g) = 5*o(g) + 2*r(g). What is w(-6)?
-11
Suppose k = -2*k - 24. Let o(a) = a**3 + 8*a**2 + 5*a + 18. Let j be o(k). Let v = -23 - j. Let s(x) = 4*x**3 + x**2 - x - 1. Give s(v).
-3
Let z be -7 - 1/(8/(-64)). Let c(o) = -6*o**3 + 2*o**2 - 1. Calculate c(z).
-5
Let s(o) = o + 12. Let b be s(-17). Let j(g) be the third derivative of -g**4/24 + 7*g**3/6 + g**2. Calculate j(b).
12
Let a(o) = -6*o**2 - 2*o**2 - 8 + o**3 - 2 - 8*o + o. What is a(9)?
8
Suppose 4*w - 40 = 152. Let i = -43 + w. Let r(s) = -s**3 + 6*s**2 - 4*s - 1. Give r(i).
4
Let x(u) be the second derivative of u**6/120 + u**5/60 - 7*u**3/3 - 3*u**2/2 + 39*u. Let h(z) be the first derivative of x(z). What is h(0)?
-14
Let o(s) be the first derivative of -3/2*s**4 + 1/3*s**3 + s - 1/2*s**2 - 2. Let d be o(1). Let a(z) = -z**2 - 4*z - 2. Calculate a(d).
-7
Let h(v) = -2*v + 4. Let r = -2 - -1. Suppose -18*n + 88 = -10*n. Let w be (2 - r) + 11/n. What is h(w)?
-4
Let y(z) be the second derivative of z**4/12 - 7*z**3/6 - 3*z**2 + 2*z. Let r(o) = -139*o - 1244. Let k be r(-9). Determine y(k).
-6
Let v(w) = -27*w**3 + 17*w**3 - 4 + 11*w**3 + w - 1. Calculate v(0).
-5
Let m(z) = z**2 - 8*z + 9. Let k be 4/(-22) - 16/(-88). Suppose k = -c - 3*c + 80. Suppose c = 5*u - 3*l, -5*l = -0*l - 25. Give m(u).
2
Let q(p) = -15*p - 1 - 17*p + 31*p. Let g = -8 - -32. Suppose 2*h = 3*d + g, -2*h = 2*d - 4*h + 18. Give q(d).
5
Let t = 250 + -261. Let g(r) = r**2 + 12*r - 10. Calculate g(t).
-21
Suppose 0 = -19*f - 74 - 78. Let t(d) = -d**3 - 10*d**2 - 10*d + 11. Determine t(f).
-37
Let n(l) = -1. Let i(a) be the second derivative of a**3/6 + 3*a**2 - 13*a. Let c(t) = -i(t) - 4*n(t). Let r = -12 + 18. Calculate c(r).
-8
Let j(l) = -l**2 + 10*l - 7. Let p be j(9). Let y(b) = 5*b + 5*b**2 - 10*b**2 + 2*b**2 + b**2 + p. Let s(z) = 2*z. Let v be s(2). Give y(v).
-10
Let v(t) = -3*t**2 + 3*t. Suppose 0 = 8*l + 1160 - 1176. Give v(l).
-6
Suppose 5 = 4*x - 3. Let t(f) = 2*f**2 + 0*f**2 + x*f**2 - 5*f - 3*f**2 - 1. What is t(6)?
5
Let o be (1 - 1)/(3/(-3)). Suppose 0 = -o*w - w + 3. Let l(i) = 3*i**3 - 5*i**2 + 2*i**3 - 5*i**3 + 6*i - i**w - 6. Give l(-6).
-6
Let j(r) be the second derivative of r**5/20 + 5*r**4/12 + 2*r**3/3 + 2*r**2 + 110*r. Suppose 3*k - 2*k + 4 = 0. Let p be k/(-14) - 23/7. What is j(p)?
10
Let i(v) = v**3 - 11*v**2 + 9*v + 12. Let b(d) = d**3 + 5*d**2 + 3*d + 6. Let j(x) = -8*x + 12. Let s be j(2). Let u be b(s). Calculate i(u).
2
Let p(q) = 12 - 30 + 18 - 9*q. Let n be -2*3/(-2) - 3. Suppose n = -d - d + 2. Determine p(d).
-9
Let f = -6 + 9. Let c(u) = 3*u + 4*u**3 + 0*u**2 - u + 2 - f*u**2 - 2*u**3. Let s be 0/1 - (-4 + 2). Determine c(s).
10
Let f(j) = 36*j**2 - 2*j - 73*j**2 + 1 + 38*j**2. Let k be 4*2/36*9. What is f(k)?
1
Let p(y) be the third derivative of 0*y + 33*y**2 - 1/12*y**4 - 7/6*y**3 + 0. De